{"id":2604,"date":"2025-12-05T11:09:48","date_gmt":"2025-12-05T14:09:48","guid":{"rendered":"https:\/\/olitienda.tnd.cl\/?post_type=product&#038;p=2604"},"modified":"2025-12-05T13:00:23","modified_gmt":"2025-12-05T16:00:23","slug":"wendy-con-varita-magica-coleccion-super-mario","status":"publish","type":"product","link":"https:\/\/olitienda.tnd.cl\/?product=wendy-con-varita-magica-coleccion-super-mario","title":{"rendered":"Wendy con varita m\u00e1gica &#8211; Colecci\u00f3n Super Mario"},"content":{"rendered":"","protected":false},"excerpt":{"rendered":"<p>Wendy con varita m\u00e1gica &#8211; Colecci\u00f3n Super Mario<\/p>\n","protected":false},"featured_media":2636,"comment_status":"closed","ping_status":"closed","template":"","meta":[],"product_cat":[61,60],"product_tag":[],"class_list":{"0":"post-2604","1":"product","2":"type-product","3":"status-publish","4":"has-post-thumbnail","6":"product_cat-comics","7":"product_cat-figuras2","9":"first","10":"instock","11":"shipping-taxable","12":"purchasable","13":"product-type-simple"},"_links":{"self":[{"href":"https:\/\/olitienda.tnd.cl\/index.php?rest_route=\/wp\/v2\/product\/2604","targetHints":{"allow":["GET"]}}],"collection":[{"href":"https:\/\/olitienda.tnd.cl\/index.php?rest_route=\/wp\/v2\/product"}],"about":[{"href":"https:\/\/olitienda.tnd.cl\/index.php?rest_route=\/wp\/v2\/types\/product"}],"replies":[{"embeddable":true,"href":"https:\/\/olitienda.tnd.cl\/index.php?rest_route=%2Fwp%2Fv2%2Fcomments&post=2604"}],"wp:featuredmedia":[{"embeddable":true,"href":"https:\/\/olitienda.tnd.cl\/index.php?rest_route=\/wp\/v2\/media\/2636"}],"wp:attachment":[{"href":"https:\/\/olitienda.tnd.cl\/index.php?rest_route=%2Fwp%2Fv2%2Fmedia&parent=2604"}],"wp:term":[{"taxonomy":"product_cat","embeddable":true,"href":"https:\/\/olitienda.tnd.cl\/index.php?rest_route=%2Fwp%2Fv2%2Fproduct_cat&post=2604"},{"taxonomy":"product_tag","embeddable":true,"href":"https:\/\/olitienda.tnd.cl\/index.php?rest_route=%2Fwp%2Fv2%2Fproduct_tag&post=2604"}],"curies":[{"name":"wp","href":"https:\/\/api.w.org\/{rel}","templated":true}]}}