{"id":3175,"date":"2025-12-05T11:12:41","date_gmt":"2025-12-05T14:12:41","guid":{"rendered":"https:\/\/olitienda.tnd.cl\/?post_type=product&#038;p=3175"},"modified":"2025-12-05T11:12:49","modified_gmt":"2025-12-05T14:12:49","slug":"los-4-fantasticos-resuelvelo-todo-coleccion-marvel-must-have","status":"publish","type":"product","link":"https:\/\/olitienda.tnd.cl\/?product=los-4-fantasticos-resuelvelo-todo-coleccion-marvel-must-have","title":{"rendered":"Los 4 Fant\u00e1sticos &#8211; Resu\u00e9lvelo Todo &#8211; Colecci\u00f3n Marvel Must-Have"},"content":{"rendered":"","protected":false},"excerpt":{"rendered":"<p>Los 4 Fant\u00e1sticos &#8211; Resu\u00e9lvelo Todo &#8211; Colecci\u00f3n Marvel Must-Have<\/p>\n","protected":false},"featured_media":3205,"comment_status":"closed","ping_status":"closed","template":"","meta":[],"product_cat":[61],"product_tag":[],"class_list":{"0":"post-3175","1":"product","2":"type-product","3":"status-publish","4":"has-post-thumbnail","6":"product_cat-comics","8":"first","9":"instock","10":"shipping-taxable","11":"purchasable","12":"product-type-simple"},"_links":{"self":[{"href":"https:\/\/olitienda.tnd.cl\/index.php?rest_route=\/wp\/v2\/product\/3175","targetHints":{"allow":["GET"]}}],"collection":[{"href":"https:\/\/olitienda.tnd.cl\/index.php?rest_route=\/wp\/v2\/product"}],"about":[{"href":"https:\/\/olitienda.tnd.cl\/index.php?rest_route=\/wp\/v2\/types\/product"}],"replies":[{"embeddable":true,"href":"https:\/\/olitienda.tnd.cl\/index.php?rest_route=%2Fwp%2Fv2%2Fcomments&post=3175"}],"wp:featuredmedia":[{"embeddable":true,"href":"https:\/\/olitienda.tnd.cl\/index.php?rest_route=\/wp\/v2\/media\/3205"}],"wp:attachment":[{"href":"https:\/\/olitienda.tnd.cl\/index.php?rest_route=%2Fwp%2Fv2%2Fmedia&parent=3175"}],"wp:term":[{"taxonomy":"product_cat","embeddable":true,"href":"https:\/\/olitienda.tnd.cl\/index.php?rest_route=%2Fwp%2Fv2%2Fproduct_cat&post=3175"},{"taxonomy":"product_tag","embeddable":true,"href":"https:\/\/olitienda.tnd.cl\/index.php?rest_route=%2Fwp%2Fv2%2Fproduct_tag&post=3175"}],"curies":[{"name":"wp","href":"https:\/\/api.w.org\/{rel}","templated":true}]}}